{"id":35,"date":"2017-04-04T09:44:17","date_gmt":"2017-04-04T07:44:17","guid":{"rendered":"http:\/\/82447.w47.wedos.ws\/?page_id=35"},"modified":"2025-03-12T09:45:03","modified_gmt":"2025-03-12T08:45:03","slug":"home","status":"publish","type":"page","link":"https:\/\/vertigo-music.cz\/","title":{"rendered":"Home"},"content":{"rendered":"<p><section class=\"kc-elm kc-css-958996 kc_row\"><div class=\"kc-row-container  kc-container\"><div class=\"kc-wrap-columns\"><div class=\"kc-elm kc-css-394616 kc_col-sm-12 kc_column kc_col-sm-12\"><div class=\"kc-col-container\"><div class=\"kc-elm kc-css-646403 kc_shortcode kc_single_image\">\n\n        <img decoding=\"async\" src=\"https:\/\/vertigo-music.cz\/wp-content\/uploads\/2022\/09\/Vertigo_foto_Helena-Kadlcikova_DJI_0445_1.jpg\" class=\"\" alt=\"\" \/>    <\/div>\n<\/div><\/div><\/div><\/div><\/section><section class=\"kc-elm kc-css-507696 kc_row\"><div class=\"kc-row-container  kc-container\"><div class=\"kc-wrap-columns\"><div class=\"kc-elm kc-css-976215 kc_col-sm-12 kc_column kc_col-sm-12\"><div class=\"kc-col-container\"><div class=\"kc-elm kc-css-414643 kc_text_block\"><\/p>\n<h1>Vertigo<\/h1>\n<div dir=\"auto\">Trojn\u00e1sobn\u00ed dr\u017eitel\u00e9 ceny And\u011bl slav\u00ed 20 let existence na hudebn\u00ed sc\u00e9n\u011b a prvn\u00ed z&nbsp;leto\u0161n\u00edch v\u00fdro\u010dn\u00edch koncert\u016f prob\u011bhl pr\u00e1v\u011b v&nbsp;Jazz Docku! Pro kapelu jde o domovskou sc\u00e9nu, o \u010dem\u017e sv\u011bd\u010d\u00ed tak\u00e9 zlat\u00e1 so\u0161ka And\u011bla vystaven\u00e1 na klubov\u00e9m baru. Vertigo ji obdr\u017eelo v&nbsp;roce 2020 za album Daleko, kter\u00e9 op\u011bt potvrdilo kreativitu a originalitu kapely. Skupina se dopracovala ke zcela sv\u00e9bytn\u00e9mu zvuku, jeho\u017e v\u00fdchoz\u00edm bodem je jazz, ale nechyb\u00ed v&nbsp;n\u011bm tak\u00e9 elektronika nebo prvky soudob\u00e9 v\u00e1\u017en\u00e9 hudby.<\/div>\n<div dir=\"auto\">\u00a0<\/div>\n<div dir=\"auto\">V&nbsp;tomto jubilejn\u00edm roce p\u0159ich\u00e1z\u00ed Vertigo s&nbsp;nov\u00fdm studiov\u00fdm albem, v&nbsp;po\u0159ad\u00ed ji\u017e \u0161est\u00fdm u Animal Music. Na \u010desk\u00e9 sc\u00e9n\u011b zast\u00e1v\u00e1 Vertigo pozici toho, kdo neust\u00e1le p\u0159ekvapuje a svobodn\u011b p\u0159ich\u00e1z\u00ed st\u00e1le s&nbsp;novou formou, obsahem i zvukem sv\u00fdch nahr\u00e1vek. Nejinak je tomu u nov\u00e9ho alba, kter\u00e9 nese n\u00e1zev \u201eNic\u201c. \u0160estice na n\u011bm p\u0159in\u00e1\u0161\u00ed hutn\u00e9 a ko\u0161at\u00e9, ale i minimalistick\u00e9 kompozice, v&nbsp;nich\u017e se styly i n\u00e1lady vno\u0159uj\u00ed do sebe, aby vytvo\u0159ily jeden kompaktn\u00ed celek s&nbsp;typicky vertigovskou poetikou, nadhledem a st\u00e1le stejn\u00fdm \u201etahem na ucho\u201c pozorn\u00e9ho poslucha\u010de.<\/div>\n<p>\n<\/div><\/div><\/div><\/div><\/div><\/section><\/p>\n","protected":false},"excerpt":{"rendered":"","protected":false},"author":1,"featured_media":0,"parent":0,"menu_order":0,"comment_status":"closed","ping_status":"closed","template":"","meta":{"_exactmetrics_skip_tracking":false,"footnotes":""},"class_list":["post-35","page","type-page","status-publish","hentry"],"_links":{"self":[{"href":"https:\/\/vertigo-music.cz\/index.php?rest_route=\/wp\/v2\/pages\/35","targetHints":{"allow":["GET"]}}],"collection":[{"href":"https:\/\/vertigo-music.cz\/index.php?rest_route=\/wp\/v2\/pages"}],"about":[{"href":"https:\/\/vertigo-music.cz\/index.php?rest_route=\/wp\/v2\/types\/page"}],"author":[{"embeddable":true,"href":"https:\/\/vertigo-music.cz\/index.php?rest_route=\/wp\/v2\/users\/1"}],"replies":[{"embeddable":true,"href":"https:\/\/vertigo-music.cz\/index.php?rest_route=%2Fwp%2Fv2%2Fcomments&post=35"}],"version-history":[{"count":170,"href":"https:\/\/vertigo-music.cz\/index.php?rest_route=\/wp\/v2\/pages\/35\/revisions"}],"predecessor-version":[{"id":1677,"href":"https:\/\/vertigo-music.cz\/index.php?rest_route=\/wp\/v2\/pages\/35\/revisions\/1677"}],"wp:attachment":[{"href":"https:\/\/vertigo-music.cz\/index.php?rest_route=%2Fwp%2Fv2%2Fmedia&parent=35"}],"curies":[{"name":"wp","href":"https:\/\/api.w.org\/{rel}","templated":true}]}}

<p><section class="kc-elm kc-css-958996 kc_row"><div class="kc-row-container  kc-container"><div class="kc-wrap-columns"><div class="kc-elm kc-css-394616 kc_col-sm-12 kc_column kc_col-sm-12"><div class="kc-col-container"><div class="kc-elm kc-css-646403 kc_shortcode kc_single_image">

        <img decoding="async" src="https://vertigo-music.cz/wp-content/uploads/2022/09/Vertigo_foto_Helena-Kadlcikova_DJI_0445_1.jpg" class="" alt="" />    </div>
</div></div></div></div></section><section class="kc-elm kc-css-507696 kc_row"><div class="kc-row-container  kc-container"><div class="kc-wrap-columns"><div class="kc-elm kc-css-976215 kc_col-sm-12 kc_column kc_col-sm-12"><div class="kc-col-container"><div class="kc-elm kc-css-414643 kc_text_block"></p>
<h1>Vertigo</h1>
<div dir="auto">Trojnásobní držitelé ceny Anděl slaví 20 let existence na hudební scéně a první z&nbsp;letošních výročních koncertů proběhl právě v&nbsp;Jazz Docku! Pro kapelu jde o domovskou scénu, o čemž svědčí také zlatá soška Anděla vystavená na klubovém baru. Vertigo ji obdrželo v&nbsp;roce 2020 za album Daleko, které opět potvrdilo kreativitu a originalitu kapely. Skupina se dopracovala ke zcela svébytnému zvuku, jehož výchozím bodem je jazz, ale nechybí v&nbsp;něm také elektronika nebo prvky soudobé vážné hudby.</div>
<div dir="auto"> </div>
<div dir="auto">V&nbsp;tomto jubilejním roce přichází Vertigo s&nbsp;novým studiovým albem, v&nbsp;pořadí již šestým u Animal Music. Na české scéně zastává Vertigo pozici toho, kdo neustále překvapuje a svobodně přichází stále s&nbsp;novou formou, obsahem i zvukem svých nahrávek. Nejinak je tomu u nového alba, které nese název „Nic“. Šestice na něm přináší hutné a košaté, ale i minimalistické kompozice, v&nbsp;nichž se styly i nálady vnořují do sebe, aby vytvořily jeden kompaktní celek s&nbsp;typicky vertigovskou poetikou, nadhledem a stále stejným „tahem na ucho“ pozorného posluchače.</div>
<p>
</div></div></div></div></div></section></p>
